 l and i.
13
Let t be 12*1/(-1)*10/(-8). Let g = 2 + 4. Let o = g + -3. Calculate the highest common divisor of t and o.
3
Let b(x) = -x**3 - 10*x**2 + 12*x + 11. Let t be b(-11). Suppose t = -n + 4. Let g be (-2)/(-5) + 158/5. What is the greatest common factor of g and n?
4
Let f(i) = -2*i**3 + 12*i**2 - i. Let n be f(5). Let o be (-24)/(-5) + 5/25. Calculate the greatest common divisor of n and o.
5
Suppose -6*d + 272 = -208. What is the greatest common divisor of 16 and d?
16
Suppose 6*s - s = 450. Let v(a) = -a**3 - 12*a**2 + 10. Let o be v(-12). Calculate the highest common factor of o and s.
10
Suppose -4*u = -9 - 35. Let x(g) = -g**2 - 6*g. Let o be x(-4). Suppose 2*q - 6*q = p - 348, -2*p - o = 0. Calculate the highest common divisor of u and q.
11
Let y be (-32)/3*6/(-4). Let j be 130/(-4)*y/(-20). What is the highest common divisor of j and 39?
13
Let v(t) = 2*t**2 + 2*t + 6. Let l be v(11). Suppose 4*m + 2*s = l, -m + 4*s = -6*m + 333. Calculate the highest common factor of 23 and m.
23
Suppose 5*r + 3*t = 144, 6 = r + 5*t - 14. Suppose -4*y + 5*y - 5*s - 35 = 0, 5*y + s = 97. Calculate the greatest common factor of r and y.
10
Suppose 4*y = -33 + 13, -3*y = 2*x + 39. Let d be (x/(-10))/(10/75). What is the greatest common divisor of 1 and d?
1
Let p = 5 - 2. Let o(v) = v + p*v + 8*v. Let w be o(2). Calculate the greatest common factor of w and 16.
8
Let f = -47 + 165. Calculate the highest common divisor of f and 295.
59
Let x = -74 + 26. Let v be ((-6)/(-4))/((-9)/x). Calculate the highest common divisor of 24 and v.
8
Let x = 103 - 58. Calculate the highest common divisor of 60 and x.
15
Suppose -2*t - 25 = 2*t + 5*x, -x = 3*t + 5. Suppose 2*p = -0*p - 6, t = v - 5*p - 17. Let d be 1/(2 - 0)*v. Calculate the greatest common factor of 11 and d.
1
Let i(b) = -b**3 - 3*b**2 + 22*b + 14. Let k be i(-7). What is the highest common divisor of k and 42?
14
Let q = 7 - 2. Let w be (-1274)/18 + 6/(-27). Let s = w + 111. Calculate the greatest common divisor of s and q.
5
Let w(q) = -q**2 + 25*q - 22. Let l be w(18). What is the greatest common divisor of l and 16?
8
Suppose 0 = w - 0 - 4. Calculate the greatest common divisor of 16 and w.
4
Let b = 36 - 22. Calculate the greatest common divisor of 56 and b.
14
Let w = 2 - -2. Let r(c) = c**3 + 11*c**2 + 6*c - 7. Let i be r(-9). Let u = i - 57. Calculate the greatest common divisor of w and u.
4
Let f be -5*(0 - -1)*-1. Let c be 111/(f + -2) - -2. What is the greatest common factor of c and 26?
13
Let p(c) = 5*c**3 + c**2. Let t be p(-1). Let l be 1/4 - 63/t. Let o = 573 - 397. Calculate the highest common factor of l and o.
16
Let b(l) = -l**2 + 4*l + 4. Let m be b(-3). Let d = 64 - m. Calculate the greatest common divisor of d and 9.
9
Suppose -5*k - 3*c - 12 = 0, c + 4*c + 20 = -5*k. Let d = 3 - k. Calculate the highest common factor of 1 and d.
1
Let s be (630/4)/5 - 12/8. Calculate the greatest common divisor of 20 and s.
10
Suppose 13 + 22 = 2*o - 3*k, -5*o = k - 79. What is the highest common factor of o and 24?
8
Suppose -2*v - 2 = 2*q + 6, -2*v + 2*q - 8 = 0. Let r be (-11)/(-1) + 0/v. Calculate the greatest common factor of r and 99.
11
Let x = 35 + -21. What is the highest common factor of x and 14?
14
Let p = 17 - -25. Calculate the highest common divisor of p and 28.
14
Suppose y + 473 = 2*v, 0*y + 2*y = 6. What is the highest common factor of 34 and v?
34
Let a be 23/7 - 4/14. Let i(n) = n**3 + 5*n**2 - 10*n + 9. Let g be i(-6). What is the greatest common factor of g and a?
3
Let o be 22 - -1*(-6)/(-3). Let f = 36 - o. Suppose -a = -6*a + 150. What is the highest common divisor of f and a?
6
Let c be 5/(-2)*(-12)/15. Suppose -3*t = 2 - 5, 3*t - 13 = -c*z. Suppose -z*i + 3 = -2. Calculate the greatest common divisor of i and 4.
1
Let k(c) = 3*c + 13. Let o(z) = z + 1. Let f(s) = -k(s) + 4*o(s). Let v be f(10). Let g be (4/2 - 1) + v. What is the highest common divisor of 22 and g?
2
Let w = -16 - -27. Let c = -6 + 8. Let v be (c/6)/((-3)/(-99)). Calculate the greatest common factor of v and w.
11
Let x(l) = 3*l - 10. Let c be x(4). What is the greatest common factor of 8 and c?
2
Let l be 6/(-27) - (2 - 11/9). Let q(p) = -5*p**3 + 2*p**3 - 12*p**3. Let k be q(l). Calculate the highest common divisor of k and 135.
15
Let y(f) = -f + 14. Suppose 3*v = v - t + 22, 36 = 3*v + 3*t. Let z be y(v). What is the highest common divisor of z and 20?
4
Let l be 12 - (3 - (-5 - (-24)/6)). Let r(p) = p**3 - 7*p**2 - p + 3. Let f be r(6). Let h = 63 + f. Calculate the greatest common factor of h and l.
8
Let w(y) = -y**3 - y. Let a be w(-2). Calculate the greatest common factor of a and 4.
2
Let n be ((-10)/15)/(2/(-12)). Suppose 0*w + n*w = 0. Let k be w + -1*(-1 - 95). What is the greatest common factor of 16 and k?
16
Let m(a) = a**2 - 7*a + 2. Let c be m(8). Calculate the greatest common factor of c and 35.
5
Suppose 3*w = 2*w - 5*a + 24, 4*w - 132 = -2*a. Calculate the greatest common factor of 85 and w.
17
Suppose 0*a = -2*a + 62. What is the greatest common divisor of a and 248?
31
Suppose 2*s - 16 = u - 100, -s = 5. What is the highest common factor of 37 and u?
37
Let j(k) = k**2 - 1. Let a be j(2). What is the highest common factor of 2 and a?
1
Suppose v - 13 - 29 = 0. Let q = 2 - -4. What is the highest common divisor of q and v?
6
Let n(q) = -q**2 + 420. Let p be n(0). Let r be 12/5*p/9. Calculate the highest common divisor of r and 16.
16
Let f = -15 + 17. Calculate the greatest common divisor of f and 6.
2
Let s(t) = -t**2 - 29*t - 7. Let w be s(-28). Let m(q) = 43*q**2 - 1. Let g be m(1). Calculate the highest common divisor of w and g.
21
Let q be ((-4)/(-2))/(-6 + 2)*-48. Let a(h) = 61*h**2 - 2*h + 1. Let i be a(1). Calculate the highest common divisor of q and i.
12
Suppose 195 = -7*r + 615. Calculate the greatest common factor of r and 15.
15
Suppose 165 = 5*q + 5*t, -4*q - q = -3*t - 149. Calculate the highest common divisor of 155 and q.
31
Suppose 0 = 3*b - 67 - 14. What is the highest common factor of b and 9?
9
Let l be 2/(-14) + (-772)/(-14). Calculate the greatest common factor of l and 11.
11
Suppose -4 - 1 = 5*d. Let m be d/1 - 9/(-3). What is the greatest common divisor of 22 and m?
2
Let b be (1 - -1)*20/2. What is the greatest common divisor of b and 180?
20
Suppose -2 = -g - 0. Suppose g*v - 22 - 4 = 0. What is the highest common factor of 91 and v?
13
Let y be 12 - (6/(-3))/(-1). Let x = 25 + y. Suppose 56 = -2*l + 6*l. Calculate the highest common factor of l and x.
7
Let d be 0/(2 + (-12)/4). Suppose -4*u + 2*m + 47 + 15 = d, 3*u = -m + 59. Calculate the highest common factor of 72 and u.
18
Let w = -1 - -1. Let r be 1*6*38 + w. Let y = 332 - r. Calculate the highest common factor of 13 and y.
13
Suppose 2*k - 44 = -4*d, -4*k - 3*d + d + 94 = 0. Let m(w) = w + 8. Let i be m(-6). Let j = k - i. What is the greatest common factor of 55 and j?
11
Let o be ((-20)/(-3))/5*-21. Let b be -4 + 1 - o/4. Calculate the highest common divisor of 8 and b.
4
Let l be (-1)/((-2 + 3)/(-2)). Suppose 0 = l*f - 38 + 2. What is the highest common factor of f and 27?
9
Let p be 1/1 + (-2 - -7). Suppose -5*g - 4*r + 246 = 0, -2*r - p = -4. What is the greatest common factor of g and 5?
5
Let d(y) = 2*y**2 - 2*y - 1. Let v be d(5). Suppose v = 5*f + 9. What is the highest common factor of f and 42?
6
Let r = -45 - -105. Suppose -4*o + 3*p = -o - r, 4*o - 62 = -2*p. What is the greatest common factor of o and 85?
17
Suppose -3*t = -7*t + 4. Suppose -2*s + 20 = -2*k, -k = 6 - t. Suppose -3*o = -s - 1. What is the highest common factor of 14 and o?
2
Suppose 2*h + 2*h - 8 = 0, h + 78 = 4*p. Let k be ((-16)/6)/((-4)/6). What is the highest common divisor of k and p?
4
Suppose 4*m = n + 20, 5*m + n = -3*n + 25. Suppose 4*s = -m*h + 385, 3*s - h - 200 = 65. Let v = 56 + -20. Calculate the highest common divisor of v and s.
18
Let p(l) = 6*l - 12. Let d be p(9). Suppose -260 = -4*m + 160. Calculate the highest common divisor of d and m.
21
Let z be 35 + -3 - (1 + -4). What is the highest common divisor of z and 14?
7
Suppose -6*t + 6 = -78. Calculate the greatest common divisor of t and 98.
14
Let o = 4 + -2. Suppose -3*p - o*p + 31 = 3*n, 5*n = 5*p - 55. Suppose -8*t + 256 = -4